{"id":206,"date":"2021-07-25T14:12:15","date_gmt":"2021-07-25T14:12:15","guid":{"rendered":"https:\/\/sonja-andris.de\/?page_id=206"},"modified":"2026-04-18T17:16:13","modified_gmt":"2026-04-18T17:16:13","slug":"willkommen","status":"publish","type":"page","link":"https:\/\/sonja-andris.de\/","title":{"rendered":"Willkommen"},"content":{"rendered":"\t\t<div data-elementor-type=\"wp-page\" data-elementor-id=\"206\" class=\"elementor elementor-206\">\n\t\t\t\t\t\t<section class=\"elementor-section elementor-top-section elementor-element elementor-element-33182ec elementor-section-boxed elementor-section-height-default elementor-section-height-default\" data-id=\"33182ec\" data-element_type=\"section\" data-e-type=\"section\">\n\t\t\t\t\t\t<div class=\"elementor-container elementor-column-gap-custom\">\n\t\t\t\t\t<div class=\"elementor-column elementor-col-100 elementor-top-column elementor-element elementor-element-938020d\" data-id=\"938020d\" data-element_type=\"column\" data-e-type=\"column\">\n\t\t\t<div class=\"elementor-widget-wrap elementor-element-populated\">\n\t\t\t\t\t\t<div class=\"elementor-element elementor-element-0beaf57 elementor-widget elementor-widget-spacer\" data-id=\"0beaf57\" data-element_type=\"widget\" data-e-type=\"widget\" data-widget_type=\"spacer.default\">\n\t\t\t\t<div class=\"elementor-widget-container\">\n\t\t\t\t\t\t\t<div class=\"elementor-spacer\">\n\t\t\t<div class=\"elementor-spacer-inner\"><\/div>\n\t\t<\/div>\n\t\t\t\t\t\t<\/div>\n\t\t\t\t<\/div>\n\t\t\t\t\t<\/div>\n\t\t<\/div>\n\t\t\t\t\t<\/div>\n\t\t<\/section>\n\t\t\t\t<section class=\"elementor-section elementor-top-section elementor-element elementor-element-e0edd57 elementor-section-boxed elementor-section-height-default elementor-section-height-default\" data-id=\"e0edd57\" data-element_type=\"section\" data-e-type=\"section\" data-settings=\"{&quot;background_background&quot;:&quot;classic&quot;}\">\n\t\t\t\t\t\t<div class=\"elementor-container elementor-column-gap-default\">\n\t\t\t\t\t<div class=\"elementor-column elementor-col-100 elementor-top-column elementor-element elementor-element-35cae9e\" data-id=\"35cae9e\" data-element_type=\"column\" data-e-type=\"column\" data-settings=\"{&quot;background_background&quot;:&quot;classic&quot;}\">\n\t\t\t<div class=\"elementor-widget-wrap elementor-element-populated\">\n\t\t\t\t\t\t<div class=\"elementor-element elementor-element-b1c0d5c elementor-widget elementor-widget-spacer\" data-id=\"b1c0d5c\" data-element_type=\"widget\" data-e-type=\"widget\" data-widget_type=\"spacer.default\">\n\t\t\t\t<div class=\"elementor-widget-container\">\n\t\t\t\t\t\t\t<div class=\"elementor-spacer\">\n\t\t\t<div class=\"elementor-spacer-inner\"><\/div>\n\t\t<\/div>\n\t\t\t\t\t\t<\/div>\n\t\t\t\t<\/div>\n\t\t\t\t<div class=\"elementor-element elementor-element-aa8fdde elementor-widget elementor-widget-image\" data-id=\"aa8fdde\" data-element_type=\"widget\" data-e-type=\"widget\" data-widget_type=\"image.default\">\n\t\t\t\t<div class=\"elementor-widget-container\">\n\t\t\t\t\t\t\t\t\t\t\t\t\t\t\t<img fetchpriority=\"high\" decoding=\"async\" width=\"1024\" height=\"683\" src=\"https:\/\/sonja-andris.de\/wp-content\/uploads\/2023\/12\/Start_0079-1024x683.jpg\" class=\"attachment-large size-large wp-image-555\" alt=\"\" srcset=\"https:\/\/sonja-andris.de\/wp-content\/uploads\/2023\/12\/Start_0079-1024x683.jpg 1024w, https:\/\/sonja-andris.de\/wp-content\/uploads\/2023\/12\/Start_0079-300x200.jpg 300w, https:\/\/sonja-andris.de\/wp-content\/uploads\/2023\/12\/Start_0079-768x512.jpg 768w, https:\/\/sonja-andris.de\/wp-content\/uploads\/2023\/12\/Start_0079.jpg 1200w\" sizes=\"(max-width: 1024px) 100vw, 1024px\" \/>\t\t\t\t\t\t\t\t\t\t\t\t\t\t\t<\/div>\n\t\t\t\t<\/div>\n\t\t\t\t<div class=\"elementor-element elementor-element-cecb26f elementor-widget elementor-widget-text-editor\" data-id=\"cecb26f\" data-element_type=\"widget\" data-e-type=\"widget\" data-widget_type=\"text-editor.default\">\n\t\t\t\t<div class=\"elementor-widget-container\">\n\t\t\t\t\t\t\t\t\t<h1 style=\"text-align: center;\">Herzlich Willkommen,<\/h1>\n<h1 style=\"text-align: center;\">Sch\u00f6n, dass du da bist !<\/h1>\n<p style=\"text-align: center;\">Ein Baby zu bekommen und in seiner Entwicklung zu begleiten, ist vielleicht die sch\u00f6nste und aufregendste Aufgabe, die das Leben dir stellt.<\/p>\n<p style=\"text-align: center;\">Ich freue mich, wenn ich dich durch meine Angebote ein St\u00fcck auf dem Weg mit deinem Kind begleiten und unterst\u00fctzen darf.<\/p>\n<p style=\"text-align: center;\">Du hast hier die M\u00f6glichkeit, einen Einblick in meine <strong>PEKiP Kurse <\/strong>\u00a0in March-Hugstetten, N\u00e4he Freiburg, zu bekommen, dich \u00fcber eine <strong>Schlafberatung f\u00fcr dein Baby oder Kleinkind, <\/strong>eine <strong>Stillvorbereitung, Stillberatung<\/strong> oder eine <strong>Low-Level-Laser Behandlung<\/strong> zu informieren.<\/p> <\/p>\n<p style=\"text-align: center;\">Diese finden meist im Hausbesuch oder im Kursraum in March-Hugstetten, N\u00e4he Freiburg, statt.\n&nbsp;\n<p style=\"text-align: center;\"><strong>Ich freue mich auf dich und dein Kind!<\/strong><\/p>\n<p style=\"text-align: center;\">Deine Sonja Andris<\/p>\t\t\t\t\t\t\t\t<\/div>\n\t\t\t\t<\/div>\n\t\t\t\t\t<\/div>\n\t\t<\/div>\n\t\t\t\t\t<\/div>\n\t\t<\/section>\n\t\t\t\t<section class=\"elementor-section elementor-top-section elementor-element elementor-element-20f55e4 elementor-section-boxed elementor-section-height-default elementor-section-height-default\" data-id=\"20f55e4\" data-element_type=\"section\" data-e-type=\"section\" data-settings=\"{&quot;background_background&quot;:&quot;classic&quot;}\">\n\t\t\t\t\t\t<div class=\"elementor-container elementor-column-gap-default\">\n\t\t\t\t\t<div class=\"elementor-column elementor-col-33 elementor-top-column elementor-element elementor-element-5b59881\" data-id=\"5b59881\" data-element_type=\"column\" data-e-type=\"column\">\n\t\t\t<div class=\"elementor-widget-wrap elementor-element-populated\">\n\t\t\t\t\t\t<div class=\"elementor-element elementor-element-cf7deb1 elementor-widget elementor-widget-image\" data-id=\"cf7deb1\" data-element_type=\"widget\" data-e-type=\"widget\" data-widget_type=\"image.default\">\n\t\t\t\t<div class=\"elementor-widget-container\">\n\t\t\t\t\t\t\t\t\t\t\t\t\t\t\t\t<a href=\"https:\/\/sonja-andris.de\/index.php\/pekip\/\">\n\t\t\t\t\t\t\t<img decoding=\"async\" src=\"https:\/\/sonja-andris.de\/wp-content\/uploads\/elementor\/thumbs\/PPEKiP_Logo-p7vpjqicw8uik5k7rttvdj9waszxu2vk10uw9ywsu8.png\" title=\"PPEKiP_Logo\" alt=\"PPEKiP_Logo\" loading=\"lazy\" \/>\t\t\t\t\t\t\t\t<\/a>\n\t\t\t\t\t\t\t\t\t\t\t\t\t\t\t<\/div>\n\t\t\t\t<\/div>\n\t\t\t\t\t<\/div>\n\t\t<\/div>\n\t\t\t\t<div class=\"elementor-column elementor-col-33 elementor-top-column elementor-element elementor-element-38bf728\" data-id=\"38bf728\" data-element_type=\"column\" data-e-type=\"column\">\n\t\t\t<div class=\"elementor-widget-wrap elementor-element-populated\">\n\t\t\t\t\t\t<div class=\"elementor-element elementor-element-b02c697 elementor-widget elementor-widget-image\" data-id=\"b02c697\" data-element_type=\"widget\" data-e-type=\"widget\" data-widget_type=\"image.default\">\n\t\t\t\t<div class=\"elementor-widget-container\">\n\t\t\t\t\t\t\t\t\t\t\t\t\t\t\t\t<a href=\"https:\/\/sonja-andris.de\/index.php\/stillberatung\/\">\n\t\t\t\t\t\t\t<img decoding=\"async\" src=\"https:\/\/sonja-andris.de\/wp-content\/uploads\/elementor\/thumbs\/Stillspezialistin-q7ac2hfybllm9hr60co01oj42ts0i0iwd7b1kp54ow.png\" title=\"Stillspezialistin\" alt=\"Stillspezialistin\" loading=\"lazy\" \/>\t\t\t\t\t\t\t\t<\/a>\n\t\t\t\t\t\t\t\t\t\t\t\t\t\t\t<\/div>\n\t\t\t\t<\/div>\n\t\t\t\t\t<\/div>\n\t\t<\/div>\n\t\t\t\t<div class=\"elementor-column elementor-col-33 elementor-top-column elementor-element elementor-element-5a46923\" data-id=\"5a46923\" data-element_type=\"column\" data-e-type=\"column\">\n\t\t\t<div class=\"elementor-widget-wrap elementor-element-populated\">\n\t\t\t\t\t\t<div class=\"elementor-element elementor-element-08e72d2 elementor-widget elementor-widget-image\" data-id=\"08e72d2\" data-element_type=\"widget\" data-e-type=\"widget\" data-widget_type=\"image.default\">\n\t\t\t\t<div class=\"elementor-widget-container\">\n\t\t\t\t\t\t\t\t\t\t\t\t\t\t\t\t<a href=\"https:\/\/sonja-andris.de\/index.php\/schlafberatung\/\">\n\t\t\t\t\t\t\t<img decoding=\"async\" src=\"https:\/\/sonja-andris.de\/wp-content\/uploads\/elementor\/thumbs\/Schlaf-Icon_Text_B-1-q7abu3prds4otzeatfz90pu5gws14cnaqezqxgvhts.jpg\" title=\"Schlaf-Icon_Text_B\" alt=\"Schlaf-Icon_Text_B\" loading=\"lazy\" \/>\t\t\t\t\t\t\t\t<\/a>\n\t\t\t\t\t\t\t\t\t\t\t\t\t\t\t<\/div>\n\t\t\t\t<\/div>\n\t\t\t\t\t<\/div>\n\t\t<\/div>\n\t\t\t\t\t<\/div>\n\t\t<\/section>\n\t\t\t\t<section class=\"elementor-section elementor-top-section elementor-element elementor-element-755d0eb elementor-section-boxed elementor-section-height-default elementor-section-height-default\" data-id=\"755d0eb\" data-element_type=\"section\" data-e-type=\"section\">\n\t\t\t\t\t\t<div class=\"elementor-container elementor-column-gap-default\">\n\t\t\t\t\t<div class=\"elementor-column elementor-col-100 elementor-top-column elementor-element elementor-element-a3c7aba\" data-id=\"a3c7aba\" data-element_type=\"column\" data-e-type=\"column\">\n\t\t\t<div class=\"elementor-widget-wrap elementor-element-populated\">\n\t\t\t\t\t\t<div class=\"elementor-element elementor-element-43fa7a1 elementor-widget elementor-widget-spacer\" data-id=\"43fa7a1\" data-element_type=\"widget\" data-e-type=\"widget\" data-widget_type=\"spacer.default\">\n\t\t\t\t<div class=\"elementor-widget-container\">\n\t\t\t\t\t\t\t<div class=\"elementor-spacer\">\n\t\t\t<div class=\"elementor-spacer-inner\"><\/div>\n\t\t<\/div>\n\t\t\t\t\t\t<\/div>\n\t\t\t\t<\/div>\n\t\t\t\t\t<\/div>\n\t\t<\/div>\n\t\t\t\t\t<\/div>\n\t\t<\/section>\n\t\t\t\t<\/div>\n\t\t","protected":false},"excerpt":{"rendered":"<p>Herzlich Willkommen, Sch\u00f6n, dass du da bist ! Ein Baby zu bekommen und in seiner Entwicklung zu begleiten, ist vielleicht die sch\u00f6nste und aufregendste Aufgabe, die das Leben dir stellt. Ich freue mich, wenn ich dich durch meine Angebote ein St\u00fcck auf dem Weg mit deinem Kind begleiten und unterst\u00fctzen darf. Du hast hier die [&hellip;]<\/p>\n","protected":false},"author":3,"featured_media":0,"parent":0,"menu_order":0,"comment_status":"closed","ping_status":"closed","template":"","meta":{"inline_featured_image":false,"site-sidebar-layout":"default","site-content-layout":"default","ast-site-content-layout":"default","site-content-style":"default","site-sidebar-style":"default","ast-global-header-display":"","ast-banner-title-visibility":"","ast-main-header-display":"","ast-hfb-above-header-display":"","ast-hfb-below-header-display":"","ast-hfb-mobile-header-display":"","site-post-title":"disabled","ast-breadcrumbs-content":"","ast-featured-img":"","footer-sml-layout":"","ast-disable-related-posts":"","theme-transparent-header-meta":"default","adv-header-id-meta":"","stick-header-meta":"","header-above-stick-meta":"","header-main-stick-meta":"","header-below-stick-meta":"","astra-migrate-meta-layouts":"set","ast-page-background-enabled":"default","ast-page-background-meta":{"desktop":{"background-color":"","background-image":"","background-repeat":"repeat","background-position":"center center","background-size":"auto","background-attachment":"scroll","background-type":"","background-media":"","overlay-type":"","overlay-color":"","overlay-opacity":"","overlay-gradient":""},"tablet":{"background-color":"","background-image":"","background-repeat":"repeat","background-position":"center center","background-size":"auto","background-attachment":"scroll","background-type":"","background-media":"","overlay-type":"","overlay-color":"","overlay-opacity":"","overlay-gradient":""},"mobile":{"background-color":"","background-image":"","background-repeat":"repeat","background-position":"center center","background-size":"auto","background-attachment":"scroll","background-type":"","background-media":"","overlay-type":"","overlay-color":"","overlay-opacity":"","overlay-gradient":""}},"ast-content-background-meta":{"desktop":{"background-color":"var(--ast-global-color-5)","background-image":"","background-repeat":"repeat","background-position":"center center","background-size":"auto","background-attachment":"scroll","background-type":"","background-media":"","overlay-type":"","overlay-color":"","overlay-opacity":"","overlay-gradient":""},"tablet":{"background-color":"var(--ast-global-color-5)","background-image":"","background-repeat":"repeat","background-position":"center center","background-size":"auto","background-attachment":"scroll","background-type":"","background-media":"","overlay-type":"","overlay-color":"","overlay-opacity":"","overlay-gradient":""},"mobile":{"background-color":"var(--ast-global-color-5)","background-image":"","background-repeat":"repeat","background-position":"center center","background-size":"auto","background-attachment":"scroll","background-type":"","background-media":"","overlay-type":"","overlay-color":"","overlay-opacity":"","overlay-gradient":""}},"footnotes":""},"class_list":["post-206","page","type-page","status-publish","hentry"],"yoast_head":"<title>Stillspezialistin f\u00fcr eine entspannte Babyzeit - Sonja Andris<\/title>\n<meta name=\"description\" content=\"Ich freue mich, wenn ich dich durch meine Angebote ein St\u00fcck auf dem Weg mit deinem Kind begleiten und unterst\u00fctzen darf.\" \/>\n<meta name=\"robots\" content=\"index, follow, max-snippet:-1, max-image-preview:large, max-video-preview:-1\" \/>\n<link rel=\"canonical\" href=\"https:\/\/sonja-andris.de\/\" \/>\n<meta property=\"og:locale\" content=\"de_DE\" \/>\n<meta property=\"og:type\" content=\"article\" \/>\n<meta property=\"og:title\" content=\"Stillspezialistin f\u00fcr eine entspannte Babyzeit - Sonja Andris\" \/>\n<meta property=\"og:description\" content=\"Ich freue mich, wenn ich dich durch meine Angebote ein St\u00fcck auf dem Weg mit deinem Kind begleiten und unterst\u00fctzen darf.\" \/>\n<meta property=\"og:url\" content=\"https:\/\/sonja-andris.de\/\" \/>\n<meta property=\"og:site_name\" content=\"Sonja Andris\" \/>\n<meta property=\"article:modified_time\" content=\"2026-04-18T17:16:13+00:00\" \/>\n<meta property=\"og:image\" content=\"https:\/\/sonja-andris.de\/wp-content\/uploads\/2023\/12\/Start_0079-1024x683.jpg\" \/>\n<meta name=\"twitter:card\" content=\"summary_large_image\" \/>\n<meta name=\"twitter:label1\" content=\"Gesch\u00e4tzte Lesezeit\" \/>\n\t<meta name=\"twitter:data1\" content=\"2\u00a0Minuten\" \/>\n<script type=\"application\/ld+json\" class=\"yoast-schema-graph\">{\"@context\":\"https:\\\/\\\/schema.org\",\"@graph\":[{\"@type\":\"WebPage\",\"@id\":\"https:\\\/\\\/sonja-andris.de\\\/\",\"url\":\"https:\\\/\\\/sonja-andris.de\\\/\",\"name\":\"Stillspezialistin f\u00fcr eine entspannte Babyzeit - Sonja Andris\",\"isPartOf\":{\"@id\":\"https:\\\/\\\/sonja-andris.de\\\/#website\"},\"primaryImageOfPage\":{\"@id\":\"https:\\\/\\\/sonja-andris.de\\\/#primaryimage\"},\"image\":{\"@id\":\"https:\\\/\\\/sonja-andris.de\\\/#primaryimage\"},\"thumbnailUrl\":\"https:\\\/\\\/sonja-andris.de\\\/wp-content\\\/uploads\\\/2023\\\/12\\\/Start_0079-1024x683.jpg\",\"datePublished\":\"2021-07-25T14:12:15+00:00\",\"dateModified\":\"2026-04-18T17:16:13+00:00\",\"description\":\"Ich freue mich, wenn ich dich durch meine Angebote ein St\u00fcck auf dem Weg mit deinem Kind begleiten und unterst\u00fctzen darf.\",\"breadcrumb\":{\"@id\":\"https:\\\/\\\/sonja-andris.de\\\/#breadcrumb\"},\"inLanguage\":\"de\",\"potentialAction\":[{\"@type\":\"ReadAction\",\"target\":[\"https:\\\/\\\/sonja-andris.de\\\/\"]}]},{\"@type\":\"ImageObject\",\"inLanguage\":\"de\",\"@id\":\"https:\\\/\\\/sonja-andris.de\\\/#primaryimage\",\"url\":\"https:\\\/\\\/sonja-andris.de\\\/wp-content\\\/uploads\\\/2023\\\/12\\\/Start_0079.jpg\",\"contentUrl\":\"https:\\\/\\\/sonja-andris.de\\\/wp-content\\\/uploads\\\/2023\\\/12\\\/Start_0079.jpg\",\"width\":1200,\"height\":800},{\"@type\":\"BreadcrumbList\",\"@id\":\"https:\\\/\\\/sonja-andris.de\\\/#breadcrumb\",\"itemListElement\":[{\"@type\":\"ListItem\",\"position\":1,\"name\":\"Start\",\"item\":\"https:\\\/\\\/sonja-andris.de\\\/\"},{\"@type\":\"ListItem\",\"position\":2,\"name\":\"Willkommen\"}]},{\"@type\":\"WebSite\",\"@id\":\"https:\\\/\\\/sonja-andris.de\\\/#website\",\"url\":\"https:\\\/\\\/sonja-andris.de\\\/\",\"name\":\"Sonja Andris\",\"description\":\"Stillberatung,PEKIP, Schlafberatung \u00b7\u00a0Freiburg \u00b7 March\",\"publisher\":{\"@id\":\"https:\\\/\\\/sonja-andris.de\\\/#\\\/schema\\\/person\\\/df636b0c2f8d4f5d72fea1f326bb6856\"},\"potentialAction\":[{\"@type\":\"SearchAction\",\"target\":{\"@type\":\"EntryPoint\",\"urlTemplate\":\"https:\\\/\\\/sonja-andris.de\\\/?s={search_term_string}\"},\"query-input\":{\"@type\":\"PropertyValueSpecification\",\"valueRequired\":true,\"valueName\":\"search_term_string\"}}],\"inLanguage\":\"de\"},{\"@type\":[\"Person\",\"Organization\"],\"@id\":\"https:\\\/\\\/sonja-andris.de\\\/#\\\/schema\\\/person\\\/df636b0c2f8d4f5d72fea1f326bb6856\",\"name\":\"Sonja\",\"image\":{\"@type\":\"ImageObject\",\"inLanguage\":\"de\",\"@id\":\"https:\\\/\\\/sonja-andris.de\\\/wp-content\\\/uploads\\\/2023\\\/12\\\/Andris_Header_2023C.jpg\",\"url\":\"https:\\\/\\\/sonja-andris.de\\\/wp-content\\\/uploads\\\/2023\\\/12\\\/Andris_Header_2023C.jpg\",\"contentUrl\":\"https:\\\/\\\/sonja-andris.de\\\/wp-content\\\/uploads\\\/2023\\\/12\\\/Andris_Header_2023C.jpg\",\"width\":801,\"height\":265,\"caption\":\"Sonja\"},\"logo\":{\"@id\":\"https:\\\/\\\/sonja-andris.de\\\/wp-content\\\/uploads\\\/2023\\\/12\\\/Andris_Header_2023C.jpg\"}}]}<\/script>","yoast_head_json":{"title":"Stillspezialistin f\u00fcr eine entspannte Babyzeit - Sonja Andris","description":"Ich freue mich, wenn ich dich durch meine Angebote ein St\u00fcck auf dem Weg mit deinem Kind begleiten und unterst\u00fctzen darf.","robots":{"index":"index","follow":"follow","max-snippet":"max-snippet:-1","max-image-preview":"max-image-preview:large","max-video-preview":"max-video-preview:-1"},"canonical":"https:\/\/sonja-andris.de\/","og_locale":"de_DE","og_type":"article","og_title":"Stillspezialistin f\u00fcr eine entspannte Babyzeit - Sonja Andris","og_description":"Ich freue mich, wenn ich dich durch meine Angebote ein St\u00fcck auf dem Weg mit deinem Kind begleiten und unterst\u00fctzen darf.","og_url":"https:\/\/sonja-andris.de\/","og_site_name":"Sonja Andris","article_modified_time":"2026-04-18T17:16:13+00:00","og_image":[{"url":"https:\/\/sonja-andris.de\/wp-content\/uploads\/2023\/12\/Start_0079-1024x683.jpg","type":"","width":"","height":""}],"twitter_card":"summary_large_image","twitter_misc":{"Gesch\u00e4tzte Lesezeit":"2\u00a0Minuten"},"schema":{"@context":"https:\/\/schema.org","@graph":[{"@type":"WebPage","@id":"https:\/\/sonja-andris.de\/","url":"https:\/\/sonja-andris.de\/","name":"Stillspezialistin f\u00fcr eine entspannte Babyzeit - Sonja Andris","isPartOf":{"@id":"https:\/\/sonja-andris.de\/#website"},"primaryImageOfPage":{"@id":"https:\/\/sonja-andris.de\/#primaryimage"},"image":{"@id":"https:\/\/sonja-andris.de\/#primaryimage"},"thumbnailUrl":"https:\/\/sonja-andris.de\/wp-content\/uploads\/2023\/12\/Start_0079-1024x683.jpg","datePublished":"2021-07-25T14:12:15+00:00","dateModified":"2026-04-18T17:16:13+00:00","description":"Ich freue mich, wenn ich dich durch meine Angebote ein St\u00fcck auf dem Weg mit deinem Kind begleiten und unterst\u00fctzen darf.","breadcrumb":{"@id":"https:\/\/sonja-andris.de\/#breadcrumb"},"inLanguage":"de","potentialAction":[{"@type":"ReadAction","target":["https:\/\/sonja-andris.de\/"]}]},{"@type":"ImageObject","inLanguage":"de","@id":"https:\/\/sonja-andris.de\/#primaryimage","url":"https:\/\/sonja-andris.de\/wp-content\/uploads\/2023\/12\/Start_0079.jpg","contentUrl":"https:\/\/sonja-andris.de\/wp-content\/uploads\/2023\/12\/Start_0079.jpg","width":1200,"height":800},{"@type":"BreadcrumbList","@id":"https:\/\/sonja-andris.de\/#breadcrumb","itemListElement":[{"@type":"ListItem","position":1,"name":"Start","item":"https:\/\/sonja-andris.de\/"},{"@type":"ListItem","position":2,"name":"Willkommen"}]},{"@type":"WebSite","@id":"https:\/\/sonja-andris.de\/#website","url":"https:\/\/sonja-andris.de\/","name":"Sonja Andris","description":"Stillberatung,PEKIP, Schlafberatung \u00b7\u00a0Freiburg \u00b7 March","publisher":{"@id":"https:\/\/sonja-andris.de\/#\/schema\/person\/df636b0c2f8d4f5d72fea1f326bb6856"},"potentialAction":[{"@type":"SearchAction","target":{"@type":"EntryPoint","urlTemplate":"https:\/\/sonja-andris.de\/?s={search_term_string}"},"query-input":{"@type":"PropertyValueSpecification","valueRequired":true,"valueName":"search_term_string"}}],"inLanguage":"de"},{"@type":["Person","Organization"],"@id":"https:\/\/sonja-andris.de\/#\/schema\/person\/df636b0c2f8d4f5d72fea1f326bb6856","name":"Sonja","image":{"@type":"ImageObject","inLanguage":"de","@id":"https:\/\/sonja-andris.de\/wp-content\/uploads\/2023\/12\/Andris_Header_2023C.jpg","url":"https:\/\/sonja-andris.de\/wp-content\/uploads\/2023\/12\/Andris_Header_2023C.jpg","contentUrl":"https:\/\/sonja-andris.de\/wp-content\/uploads\/2023\/12\/Andris_Header_2023C.jpg","width":801,"height":265,"caption":"Sonja"},"logo":{"@id":"https:\/\/sonja-andris.de\/wp-content\/uploads\/2023\/12\/Andris_Header_2023C.jpg"}}]}},"_links":{"self":[{"href":"https:\/\/sonja-andris.de\/index.php\/wp-json\/wp\/v2\/pages\/206","targetHints":{"allow":["GET"]}}],"collection":[{"href":"https:\/\/sonja-andris.de\/index.php\/wp-json\/wp\/v2\/pages"}],"about":[{"href":"https:\/\/sonja-andris.de\/index.php\/wp-json\/wp\/v2\/types\/page"}],"author":[{"embeddable":true,"href":"https:\/\/sonja-andris.de\/index.php\/wp-json\/wp\/v2\/users\/3"}],"replies":[{"embeddable":true,"href":"https:\/\/sonja-andris.de\/index.php\/wp-json\/wp\/v2\/comments?post=206"}],"version-history":[{"count":55,"href":"https:\/\/sonja-andris.de\/index.php\/wp-json\/wp\/v2\/pages\/206\/revisions"}],"predecessor-version":[{"id":905,"href":"https:\/\/sonja-andris.de\/index.php\/wp-json\/wp\/v2\/pages\/206\/revisions\/905"}],"wp:attachment":[{"href":"https:\/\/sonja-andris.de\/index.php\/wp-json\/wp\/v2\/media?parent=206"}],"curies":[{"name":"wp","href":"https:\/\/api.w.org\/{rel}","templated":true}]}}